{"id":35,"date":"2023-10-12T13:08:20","date_gmt":"2023-10-12T13:08:20","guid":{"rendered":"http:\/\/46.101.81.151\/?page_id=35"},"modified":"2024-12-20T15:03:10","modified_gmt":"2024-12-20T15:03:10","slug":"forsida","status":"publish","type":"page","link":"https:\/\/sjomannafelag.is\/","title":{"rendered":"J\u00f6tunn Sj\u00f3mannaf\u00e9lag"},"content":{"rendered":"\n<p><strong>Hei\u00f0arvegur 9b. S\u00edmi: 481 2700 GSM: 863 3456<\/strong><\/p>\n\n\n\n<figure class=\"wp-block-image size-large\"><img loading=\"lazy\" decoding=\"async\" width=\"1024\" height=\"496\" src=\"http:\/\/46.101.81.151\/wp-content\/uploads\/2023\/10\/72337970-418971062326829-8374376514195554304-n_0-1024x496.jpeg\" alt=\"\" class=\"wp-image-39\" srcset=\"https:\/\/sjomannafelag.is\/wp-content\/uploads\/2023\/10\/72337970-418971062326829-8374376514195554304-n_0-1024x496.jpeg 1024w, https:\/\/sjomannafelag.is\/wp-content\/uploads\/2023\/10\/72337970-418971062326829-8374376514195554304-n_0-300x145.jpeg 300w, https:\/\/sjomannafelag.is\/wp-content\/uploads\/2023\/10\/72337970-418971062326829-8374376514195554304-n_0-768x372.jpeg 768w, https:\/\/sjomannafelag.is\/wp-content\/uploads\/2023\/10\/72337970-418971062326829-8374376514195554304-n_0.jpeg 1276w\" sizes=\"auto, (max-width: 1024px) 100vw, 1024px\" \/><\/figure>\n\n\n\n<h2 class=\"wp-block-heading\"><strong>Stj\u00f3rn J\u00f6tunn <strong>Sj\u00f3mannaf\u00e9lag<\/strong>, Vestmannaeyjum.<\/strong><\/h2>\n\n\n\n<p><\/p>\n\n\n\n<figure class=\"wp-block-table\"><table><tbody><tr><td><strong>Forma\u00f0ur:<\/strong><\/td><td><strong>Kolbeinn Agnarsson. GSM&nbsp; 863 3456<\/strong><\/td><\/tr><tr><td><strong>Varaforma\u00f0ur:<\/strong><\/td><td><strong>Sigurfinnur V Sigurfinnsson. <\/strong><\/td><\/tr><tr><td><strong>Gjaldkeri:<\/strong><\/td><td><strong>\u00c1rni \u00de\u00f3r Gunnarsson.<\/strong><\/td><\/tr><tr><td><strong>Ritari:<\/strong><\/td><td><strong>Ing\u00f3lfur Ingvarsson.<\/strong><\/td><\/tr><tr><td><strong>Me\u00f0stj\u00f3rnandi:<\/strong><\/td><td><strong>Ingi \u00de\u00f3r Arnarsson.<\/strong><\/td><\/tr><tr><td><\/td><td><strong>Eysteinn Gunnarsson.<\/strong><\/td><\/tr><tr><td><\/td><td><strong>R\u00edkhar\u00f0ur Zoega Stef\u00e1nsson.<\/strong><\/td><\/tr><tr><td><\/td><td><strong>Finnur Freyr Har\u00f0arsson.<\/strong><\/td><\/tr><\/tbody><\/table><\/figure>\n\n\n\n<div class=\"wp-block-group has-white-color has-ast-global-color-2-background-color has-text-color has-background is-vertical is-layout-flex wp-container-core-group-is-layout-fe9cc265 wp-block-group-is-layout-flex\">\n<h2 class=\"wp-block-heading has-white-color has-text-color\">N\u00ddTT KERFI: ATHUGA HVORT \u00cdB\u00da\u00d0IR ERU LAUSAR<\/h2>\n\n\n\n<p><a href=\"https:\/\/teamup.com\/kssy2h9dkwjmbdwc3h\">https:\/\/teamup.com\/kssy2h9dkwjmbdwc3h<\/a><\/p>\n\n\n\n<p class=\"has-white-color has-text-color\">Grandavegur 42 gula er 42 c og rau\u00f0a er 42 b<\/p>\n\n\n\n<p class=\"has-white-color has-text-color\">\u00dea\u00f0 m\u00e1 s\u00e6kja \u00f6pp til a\u00f0 sko\u00f0a dagatali\u00f0 \u00ed I pad\/phone og Android, uppl\u00fdsingar ne\u00f0antil til vinstri \u00ed dagatalinu.<\/p>\n<\/div>\n","protected":false},"excerpt":{"rendered":"<p>Hei\u00f0arvegur 9b. S\u00edmi: 481 2700 GSM: 863 3456 Stj\u00f3rn J\u00f6tunn Sj\u00f3mannaf\u00e9lag, Vestmannaeyjum. Forma\u00f0ur: Kolbeinn Agnarsson. GSM&nbsp; 863 3456 Varaforma\u00f0ur: Sigurfinnur V Sigurfinnsson. Gjaldkeri: \u00c1rni \u00de\u00f3r Gunnarsson. Ritari: Ing\u00f3lfur Ingvarsson. Me\u00f0stj\u00f3rnandi: Ingi \u00de\u00f3r Arnarsson. Eysteinn Gunnarsson. R\u00edkhar\u00f0ur Zoega Stef\u00e1nsson. Finnur Freyr Har\u00f0arsson. N\u00ddTT KERFI: ATHUGA HVORT \u00cdB\u00da\u00d0IR ERU LAUSAR https:\/\/teamup.com\/kssy2h9dkwjmbdwc3h Grandavegur 42 gula er 42 c &hellip;<\/p>\n<p class=\"read-more\"> <a class=\"\" href=\"https:\/\/sjomannafelag.is\/\"> <span class=\"screen-reader-text\">J\u00f6tunn Sj\u00f3mannaf\u00e9lag<\/span> Read More &raquo;<\/a><\/p>\n","protected":false},"author":1,"featured_media":0,"parent":0,"menu_order":0,"comment_status":"closed","ping_status":"closed","template":"","meta":{"site-sidebar-layout":"default","site-content-layout":"","ast-site-content-layout":"","site-content-style":"default","site-sidebar-style":"default","ast-global-header-display":"","ast-banner-title-visibility":"","ast-main-header-display":"","ast-hfb-above-header-display":"","ast-hfb-below-header-display":"","ast-hfb-mobile-header-display":"","site-post-title":"","ast-breadcrumbs-content":"","ast-featured-img":"","footer-sml-layout":"","theme-transparent-header-meta":"","adv-header-id-meta":"","stick-header-meta":"","header-above-stick-meta":"","header-main-stick-meta":"","header-below-stick-meta":"","astra-migrate-meta-layouts":"","footnotes":""},"class_list":["post-35","page","type-page","status-publish","hentry"],"_links":{"self":[{"href":"https:\/\/sjomannafelag.is\/index.php\/wp-json\/wp\/v2\/pages\/35","targetHints":{"allow":["GET"]}}],"collection":[{"href":"https:\/\/sjomannafelag.is\/index.php\/wp-json\/wp\/v2\/pages"}],"about":[{"href":"https:\/\/sjomannafelag.is\/index.php\/wp-json\/wp\/v2\/types\/page"}],"author":[{"embeddable":true,"href":"https:\/\/sjomannafelag.is\/index.php\/wp-json\/wp\/v2\/users\/1"}],"replies":[{"embeddable":true,"href":"https:\/\/sjomannafelag.is\/index.php\/wp-json\/wp\/v2\/comments?post=35"}],"version-history":[{"count":10,"href":"https:\/\/sjomannafelag.is\/index.php\/wp-json\/wp\/v2\/pages\/35\/revisions"}],"predecessor-version":[{"id":79,"href":"https:\/\/sjomannafelag.is\/index.php\/wp-json\/wp\/v2\/pages\/35\/revisions\/79"}],"wp:attachment":[{"href":"https:\/\/sjomannafelag.is\/index.php\/wp-json\/wp\/v2\/media?parent=35"}],"curies":[{"name":"wp","href":"https:\/\/api.w.org\/{rel}","templated":true}]}}